{"version":"1.0","provider_name":"Le Pays fait son jardin","provider_url":"https:\/\/www.lerelaispourlemploi.fr\/jardin","author_name":"Sandra RENOULT","author_url":"https:\/\/www.lerelaispourlemploi.fr\/jardin\/actualites\/author\/benjaminbeucher\/","title":"Les lundis gastronomiques au Jardin - Le Pays fait son jardin","type":"rich","width":600,"height":338,"html":"<blockquote class=\"wp-embedded-content\"><a href=\"https:\/\/www.lerelaispourlemploi.fr\/jardin\/actualites\/les-lundis-gastronomiques-au-jardin\/\">Les lundis gastronomiques au Jardin<\/a><\/blockquote>\n<script type='text\/javascript'>\n<!--\/\/--><![CDATA[\/\/><!--\n\t\t\/*! This file is auto-generated *\/\n\t\t!function(d,l){\"use strict\";var e=!1,n=!1;if(l.querySelector)if(d.addEventListener)e=!0;if(d.wp=d.wp||{},!d.wp.receiveEmbedMessage)if(d.wp.receiveEmbedMessage=function(e){var t=e.data;if(t)if(t.secret||t.message||t.value)if(!\/[^a-zA-Z0-9]\/.test(t.secret)){for(var r,i,a,s=l.querySelectorAll('iframe[data-secret=\"'+t.secret+'\"]'),n=l.querySelectorAll('blockquote[data-secret=\"'+t.secret+'\"]'),o=new RegExp(\"^https?:$\",\"i\"),c=0;c<n.length;c++)n[c].style.display=\"none\";for(c=0;c<s.length;c++)if(r=s[c],e.source===r.contentWindow){if(r.removeAttribute(\"style\"),\"height\"===t.message){if(1e3<(a=parseInt(t.value,10)))a=1e3;else if(~~a<200)a=200;r.height=a}if(\"link\"===t.message)if(i=l.createElement(\"a\"),a=l.createElement(\"a\"),i.href=r.getAttribute(\"src\"),a.href=t.value,o.test(a.protocol))if(a.host===i.host)if(l.activeElement===r)d.top.location.href=t.value}}},e)d.addEventListener(\"message\",d.wp.receiveEmbedMessage,!1),l.addEventListener(\"DOMContentLoaded\",t,!1),d.addEventListener(\"load\",t,!1);function t(){if(!n){n=!0;for(var e,t,r=-1!==navigator.appVersion.indexOf(\"MSIE 10\"),i=!!navigator.userAgent.match(\/Trident.*rv:11\\.\/),a=l.querySelectorAll(\"iframe.wp-embedded-content\"),s=0;s<a.length;s++){if(!(e=a[s]).getAttribute(\"data-secret\"))t=Math.random().toString(36).substr(2,10),e.src+=\"#?secret=\"+t,e.setAttribute(\"data-secret\",t);if(r||i)(t=e.cloneNode(!0)).removeAttribute(\"security\"),e.parentNode.replaceChild(t,e)}}}}(window,document);\n\/\/--><!]]>\n<\/script><iframe sandbox=\"allow-scripts\" security=\"restricted\" src=\"https:\/\/www.lerelaispourlemploi.fr\/jardin\/actualites\/les-lundis-gastronomiques-au-jardin\/embed\/\" width=\"600\" height=\"338\" title=\"\u00ab\u00a0Les lundis gastronomiques au Jardin\u00a0\u00bb &#8212; Le Pays fait son jardin\" frameborder=\"0\" marginwidth=\"0\" marginheight=\"0\" scrolling=\"no\" class=\"wp-embedded-content\"><\/iframe>","thumbnail_url":"https:\/\/www.lerelaispourlemploi.fr\/wp-content\/images\/IMG_20240916_122449-scaled.jpg","thumbnail_width":2560,"thumbnail_height":1920,"description":"S39- Les Lundis gastronomiques au Jardin Tous les lundis, les salari\u00e9s du Dispositif Premi\u00e8res en Chantier nous propose des menus dignes de restaurant gastronomique avec des l\u00e9gumes du jardin. Voici la combinaison de l\u2019esth\u00e9tisme et [&hellip;]"}

S39- Les Lundis gastronomiques au Jardin Tous les lundis, les salariés du Dispositif Premières en Chantier nous propose des menus dignes de restaurant gastronomique avec des légumes du jardin. Voici la combinaison de l’esthétisme et [&hellip;]
