{"id":193,"date":"2016-12-05T12:26:21","date_gmt":"2016-12-05T11:26:21","guid":{"rendered":"http:\/\/www.lerelaispourlemploi.fr\/jardin\/?page_id=193"},"modified":"2017-01-30T15:31:47","modified_gmt":"2017-01-30T14:31:47","slug":"presentation-et-historique","status":"publish","type":"page","link":"https:\/\/www.lerelaispourlemploi.fr\/jardin\/qui-sommes-nous\/presentation-et-historique\/","title":{"rendered":"Pr\u00e9sentation \/ Historique"},"content":{"rendered":"<h1>Chantier d&rsquo;insertion professionnelle au Theil-de-Bretagne<\/h1>\n<p><strong>Entre 2006 et 2008<\/strong> a d\u2019abord germ\u00e9 le projet de cr\u00e9ation d\u2019une nouvelle structure d\u2019insertion par l\u2019activit\u00e9 \u00e9conomique \u00e0 l\u2019initiative de l\u2019association interm\u00e9diaire \u00ab\u00a0Le Relais\u00a0\u00bb, des partenaires de l\u2019emploi et des \u00e9lus sur le sud du Pays de Vitr\u00e9.<\/p>\n<p>Initi\u00e9 par un des membres du Conseil d\u2019Administration de l\u2019association, lui-m\u00eame acteur du territoire dans le domaine de l\u2019agriculture biologique, le projet de cr\u00e9ation d\u2019un jardin d\u2019insertion bio\u00a0 prend forme petit \u00e0 petit. Ce choix pr\u00e9sente en effet de nombreux atouts\u00a0: d\u2019une part, cette activit\u00e9 n\u00e9cessite une main d\u2019\u0153uvre importante et le travail collectif qui s\u2019y met en \u0153uvre favorise la cr\u00e9ation de lien social. D\u2019autre part, l\u2019activit\u00e9 est accessible au public f\u00e9minin. Enfin, l\u2019agriculture biologique appara\u00eet comme une activit\u00e9 valorisante\u00a0: respectueuse de l\u2019environnement et permettant d\u2019observer rapidement les fruits de son travail.<\/p>\n<p><img loading=\"lazy\" src=\"http:\/\/www.lerelaispourlemploi.fr\/wp-content\/images\/chantier-insertion.jpg\" alt=\"chantier-insertion\" width=\"1140\" height=\"450\" class=\"alignnone size-full wp-image-266\" srcset=\"https:\/\/www.lerelaispourlemploi.fr\/wp-content\/images\/chantier-insertion.jpg 1140w, https:\/\/www.lerelaispourlemploi.fr\/wp-content\/images\/chantier-insertion-360x142.jpg 360w, https:\/\/www.lerelaispourlemploi.fr\/wp-content\/images\/chantier-insertion-550x217.jpg 550w, https:\/\/www.lerelaispourlemploi.fr\/wp-content\/images\/chantier-insertion-768x303.jpg 768w, https:\/\/www.lerelaispourlemploi.fr\/wp-content\/images\/chantier-insertion-750x296.jpg 750w\" sizes=\"(max-width: 1140px) 100vw, 1140px\" \/>\nD\u00e8s lors, \u00ab\u00a0Le Relais\u00a0\u00bb fait le choix de se rapprocher du <a class=\"jardin\" href=\"http:\/\/www.reseaucocagne.asso.fr\">R\u00e9seau Cocagne<\/a>, afin de b\u00e9n\u00e9ficier de son expertise dans la cr\u00e9ation de ce type de jardin d\u2019insertion. <\/p>\n<p><div class=\"notebox\"><\/p>\n<h3>Un Jardin de Cocagne, quesaco ? <\/h3>\n<p><a class=\"jardin\" href=\"http:\/\/www.reseaucocagne.asso.fr\" target=\"_blank\"><img loading=\"lazy\" src=\"http:\/\/www.lerelaispourlemploi.fr\/wp-content\/images\/reseaucocagne-logo.png\" alt=\"reseaucocagne-logo\" width=\"160\" height=\"140\" class=\"alignright size-full wp-image-214\" \/><\/a>Les Jardins de Cocagne sont des exploitations mara\u00eech\u00e8res biologiques \u00e0 vocation d\u2019insertion sociale et professionnelle. Ils emploient des hommes et des femmes de tout \u00e2ge, rencontrant des difficult\u00e9s d&rsquo;ordre personnel ou professionnel.\nPar la production et la commercialisation de l\u00e9gumes biologiques sous forme de paniers hebdomadaires \u00e0 un r\u00e9seau d\u2019adh\u00e9rents-consommateurs, les Jardins de Cocagne leur permettent de retrouver un emploi et de (re-)construire un projet personnel et professionnel.<\/p>\n<p>En d\u00e9veloppant une action sociale, \u00e9conomique, environnementale, en promouvant une consommation locale, bio et citoyenne, et en recr\u00e9ant du lien de proximit\u00e9, les Jardins de Cocagne se situent r\u00e9solument au c\u0153ur de l\u2019\u00e9conomie sociale et solidaire et du d\u00e9veloppement durable.<\/p>\n<p>Les Jardins de Cocagne fonctionnent selon 4 grands principes, \u00e9nonc\u00e9s dans leur Charte :<\/p>\n<ul>\n<li> Une vocation d&rsquo;insertion sociale et professionnelle de personnes en difficult\u00e9s,<\/li>\n<li>La production de l\u00e9gumes dans le respect du cahier des charges de l\u2019Agriculture Biologique,<\/li>\n<li>La commercialisation de ces l\u00e9gumes en circuit court aupr\u00e8s d&rsquo;un r\u00e9seau d&rsquo;adh\u00e9rents-consommateurs,<\/li>\n<li>L\u2019int\u00e9gration \u00e0 la fili\u00e8re locale de l\u2019agriculture biologique.<\/li>\n<\/ul>\n<p><\/div><\/p>\n<p><strong>En 2009<\/strong>, les choses se pr\u00e9cisent\u00a0: l\u2019Office National des Anciens Combattants met \u00e0 notre disposition un hectare de terre sur le site de la Rigaudi\u00e8re, au Theil de Bretagne, et nous obtenons le conventionnement \u00ab chantier d\u2019insertion \u00bb avec l\u2019ouverture de 8 postes d\u2019ouvriers mara\u00eechers.<\/p>\n<p><strong>Printemps 2009<\/strong>, le chef de culture prend ses fonctions et d\u00e9marre l\u2019activit\u00e9, apr\u00e8s l\u2019embauche de 8 salari\u00e9s en parcours d\u2019insertion. C\u2019est le d\u00e9but de la conversion en agriculture biologique.<\/p>\n<p><strong>Juillet 2009<\/strong>, l\u2019irrigation est pr\u00eate, un bitunnel de 1000 m\u00b2 et un tunnel de 400 m\u00b2 sont en place. L\u2019acquisition du mat\u00e9riel se fait progressivement. La production d\u00e9marre sur 1 hectare de S.A.U. (Surface Agricole Utile).<br \/>\nC\u2019est en <strong>Octobre 2009<\/strong> que sont livr\u00e9s les premiers paniers\u00a0; 50 adh\u00e9rents ont fait avec nous le pari de la r\u00e9ussite de ce nouveau chantier\u00a0!<br \/>\n<strong>En 2010<\/strong>, le conventionnement passe de 8 \u00e0 12 postes d\u2019ouvriers mara\u00eechers, pour 75 paniers hebdomadaires.<br \/>\n<strong>En 2012<\/strong>, 1000 m\u00b2 de serres compl\u00e9mentaires sont mont\u00e9es.<br \/>\n<strong>En 2013<\/strong>, on d\u00e9nombre d\u00e9sormais 18 postes d\u2019ouvriers mara\u00eechers. Un second encadrant technique est embauch\u00e9. L\u2019exploitation s\u2019agrandit de 3,2 hectares compl\u00e9mentaires. 90 paniers sont \u00e9coul\u00e9s chaque semaine.<br \/>\n<strong>En 2015<\/strong> : 1000 m\u00b2 de serres suppl\u00e9mentaires sont mises en place. On passe progressivement \u00e0 135 paniers hebdomadaires. <br \/>\n<strong>En 2016<\/strong>\u00a0: un hangar agricole est construit et des ruches sont install\u00e9es par un jeune apiculteur. 150 paniers de l\u00e9gumes bio, locaux et solidaires\u00a0sont confectionn\u00e9s chaque semaine !<\/p>\n","protected":false},"excerpt":{"rendered":"Chantier d&rsquo;insertion professionnelle au Theil-de-Bretagne Entre 2006 et 2008 a d\u2019abord germ\u00e9 le projet de cr\u00e9ation d\u2019une nouvelle structure d\u2019insertion par l\u2019activit\u00e9 \u00e9conomique \u00e0 l\u2019initiative de l\u2019association interm\u00e9diaire \u00ab\u00a0Le Relais\u00a0\u00bb, des partenaires de l\u2019emploi et [&hellip;]","protected":false},"author":1,"featured_media":0,"parent":195,"menu_order":1,"comment_status":"closed","ping_status":"closed","template":"","meta":[],"_links":{"self":[{"href":"https:\/\/www.lerelaispourlemploi.fr\/jardin\/wp-json\/wp\/v2\/pages\/193"}],"collection":[{"href":"https:\/\/www.lerelaispourlemploi.fr\/jardin\/wp-json\/wp\/v2\/pages"}],"about":[{"href":"https:\/\/www.lerelaispourlemploi.fr\/jardin\/wp-json\/wp\/v2\/types\/page"}],"author":[{"embeddable":true,"href":"https:\/\/www.lerelaispourlemploi.fr\/jardin\/wp-json\/wp\/v2\/users\/1"}],"replies":[{"embeddable":true,"href":"https:\/\/www.lerelaispourlemploi.fr\/jardin\/wp-json\/wp\/v2\/comments?post=193"}],"version-history":[{"count":13,"href":"https:\/\/www.lerelaispourlemploi.fr\/jardin\/wp-json\/wp\/v2\/pages\/193\/revisions"}],"predecessor-version":[{"id":488,"href":"https:\/\/www.lerelaispourlemploi.fr\/jardin\/wp-json\/wp\/v2\/pages\/193\/revisions\/488"}],"up":[{"embeddable":true,"href":"https:\/\/www.lerelaispourlemploi.fr\/jardin\/wp-json\/wp\/v2\/pages\/195"}],"wp:attachment":[{"href":"https:\/\/www.lerelaispourlemploi.fr\/jardin\/wp-json\/wp\/v2\/media?parent=193"}],"curies":[{"name":"wp","href":"https:\/\/api.w.org\/{rel}","templated":true}]}}

Présentation / Historique

<h1>Chantier d&rsquo;insertion professionnelle au Theil-de-Bretagne</h1>
<p><strong>Entre 2006 et 2008</strong> a d’abord germé le projet de création d’une nouvelle structure d’insertion par l’activité économique à l’initiative de l’association intermédiaire « Le Relais », des partenaires de l’emploi et des élus sur le sud du Pays de Vitré.</p>
<p>Initié par un des membres du Conseil d’Administration de l’association, lui-même acteur du territoire dans le domaine de l’agriculture biologique, le projet de création d’un jardin d’insertion bio  prend forme petit à petit. Ce choix présente en effet de nombreux atouts : d’une part, cette activité nécessite une main d’œuvre importante et le travail collectif qui s’y met en œuvre favorise la création de lien social. D’autre part, l’activité est accessible au public féminin. Enfin, l’agriculture biologique apparaît comme une activité valorisante : respectueuse de l’environnement et permettant d’observer rapidement les fruits de son travail.</p>
<p><img loading="lazy" src="http://www.lerelaispourlemploi.fr/wp-content/images/chantier-insertion.jpg" alt="chantier-insertion" width="1140" height="450" class="alignnone size-full wp-image-266" srcset="https://www.lerelaispourlemploi.fr/wp-content/images/chantier-insertion.jpg 1140w, https://www.lerelaispourlemploi.fr/wp-content/images/chantier-insertion-360x142.jpg 360w, https://www.lerelaispourlemploi.fr/wp-content/images/chantier-insertion-550x217.jpg 550w, https://www.lerelaispourlemploi.fr/wp-content/images/chantier-insertion-768x303.jpg 768w, https://www.lerelaispourlemploi.fr/wp-content/images/chantier-insertion-750x296.jpg 750w" sizes="(max-width: 1140px) 100vw, 1140px" />
Dès lors, « Le Relais » fait le choix de se rapprocher du <a class="jardin" href="http://www.reseaucocagne.asso.fr">Réseau Cocagne</a>, afin de bénéficier de son expertise dans la création de ce type de jardin d’insertion. </p>
<p><div class="notebox"></p>
<h3>Un Jardin de Cocagne, quesaco ? </h3>
<p><a class="jardin" href="http://www.reseaucocagne.asso.fr" target="_blank"><img loading="lazy" src="http://www.lerelaispourlemploi.fr/wp-content/images/reseaucocagne-logo.png" alt="reseaucocagne-logo" width="160" height="140" class="alignright size-full wp-image-214" /></a>Les Jardins de Cocagne sont des exploitations maraîchères biologiques à vocation d’insertion sociale et professionnelle. Ils emploient des hommes et des femmes de tout âge, rencontrant des difficultés d&rsquo;ordre personnel ou professionnel.
Par la production et la commercialisation de légumes biologiques sous forme de paniers hebdomadaires à un réseau d’adhérents-consommateurs, les Jardins de Cocagne leur permettent de retrouver un emploi et de (re-)construire un projet personnel et professionnel.</p>
<p>En développant une action sociale, économique, environnementale, en promouvant une consommation locale, bio et citoyenne, et en recréant du lien de proximité, les Jardins de Cocagne se situent résolument au cœur de l’économie sociale et solidaire et du développement durable.</p>
<p>Les Jardins de Cocagne fonctionnent selon 4 grands principes, énoncés dans leur Charte :</p>
<ul>
<li> Une vocation d&rsquo;insertion sociale et professionnelle de personnes en difficultés,</li>
<li>La production de légumes dans le respect du cahier des charges de l’Agriculture Biologique,</li>
<li>La commercialisation de ces légumes en circuit court auprès d&rsquo;un réseau d&rsquo;adhérents-consommateurs,</li>
<li>L’intégration à la filière locale de l’agriculture biologique.</li>
</ul>
<p></div></p>
<p><strong>En 2009</strong>, les choses se précisent : l’Office National des Anciens Combattants met à notre disposition un hectare de terre sur le site de la Rigaudière, au Theil de Bretagne, et nous obtenons le conventionnement « chantier d’insertion » avec l’ouverture de 8 postes d’ouvriers maraîchers.</p>
<p><strong>Printemps 2009</strong>, le chef de culture prend ses fonctions et démarre l’activité, après l’embauche de 8 salariés en parcours d’insertion. C’est le début de la conversion en agriculture biologique.</p>
<p><strong>Juillet 2009</strong>, l’irrigation est prête, un bitunnel de 1000 m² et un tunnel de 400 m² sont en place. L’acquisition du matériel se fait progressivement. La production démarre sur 1 hectare de S.A.U. (Surface Agricole Utile).<br />
C’est en <strong>Octobre 2009</strong> que sont livrés les premiers paniers ; 50 adhérents ont fait avec nous le pari de la réussite de ce nouveau chantier !<br />
<strong>En 2010</strong>, le conventionnement passe de 8 à 12 postes d’ouvriers maraîchers, pour 75 paniers hebdomadaires.<br />
<strong>En 2012</strong>, 1000 m² de serres complémentaires sont montées.<br />
<strong>En 2013</strong>, on dénombre désormais 18 postes d’ouvriers maraîchers. Un second encadrant technique est embauché. L’exploitation s’agrandit de 3,2 hectares complémentaires. 90 paniers sont écoulés chaque semaine.<br />
<strong>En 2015</strong> : 1000 m² de serres supplémentaires sont mises en place. On passe progressivement à 135 paniers hebdomadaires. <br />
<strong>En 2016</strong> : un hangar agricole est construit et des ruches sont installées par un jeune apiculteur. 150 paniers de légumes bio, locaux et solidaires sont confectionnés chaque semaine !</p>

Chantier d&rsquo;insertion professionnelle au Theil-de-Bretagne Entre 2006 et 2008 a d’abord germé le projet de création d’une nouvelle structure d’insertion par l’activité économique à l’initiative de l’association intermédiaire « Le Relais », des partenaires de l’emploi et [&hellip;]
