{"version":"1.0","provider_name":"Le Parc Mob","provider_url":"https:\/\/www.lerelaispourlemploi.fr\/parcmob","author_name":"Amandine Pouille","author_url":"https:\/\/www.lerelaispourlemploi.fr\/parcmob\/actualites\/author\/amandinepouille\/","title":"Le Relais pour l'Emploi \u00e9tend son parc mobilit\u00e9 \u00e0 Janz\u00e9 - Le Parc Mob","type":"rich","width":600,"height":338,"html":"<blockquote class=\"wp-embedded-content\"><a href=\"https:\/\/www.lerelaispourlemploi.fr\/parcmob\/actualites\/relais-lemploi-etend-parc-mobilite-a-janze\/\">Le Relais pour l&rsquo;Emploi \u00e9tend son parc mobilit\u00e9 \u00e0 Janz\u00e9<\/a><\/blockquote>\n<script type='text\/javascript'>\n<!--\/\/--><![CDATA[\/\/><!--\n\t\t\/*! This file is auto-generated *\/\n\t\t!function(d,l){\"use strict\";var e=!1,n=!1;if(l.querySelector)if(d.addEventListener)e=!0;if(d.wp=d.wp||{},!d.wp.receiveEmbedMessage)if(d.wp.receiveEmbedMessage=function(e){var t=e.data;if(t)if(t.secret||t.message||t.value)if(!\/[^a-zA-Z0-9]\/.test(t.secret)){for(var r,i,a,s=l.querySelectorAll('iframe[data-secret=\"'+t.secret+'\"]'),n=l.querySelectorAll('blockquote[data-secret=\"'+t.secret+'\"]'),o=new RegExp(\"^https?:$\",\"i\"),c=0;c<n.length;c++)n[c].style.display=\"none\";for(c=0;c<s.length;c++)if(r=s[c],e.source===r.contentWindow){if(r.removeAttribute(\"style\"),\"height\"===t.message){if(1e3<(a=parseInt(t.value,10)))a=1e3;else if(~~a<200)a=200;r.height=a}if(\"link\"===t.message)if(i=l.createElement(\"a\"),a=l.createElement(\"a\"),i.href=r.getAttribute(\"src\"),a.href=t.value,o.test(a.protocol))if(a.host===i.host)if(l.activeElement===r)d.top.location.href=t.value}}},e)d.addEventListener(\"message\",d.wp.receiveEmbedMessage,!1),l.addEventListener(\"DOMContentLoaded\",t,!1),d.addEventListener(\"load\",t,!1);function t(){if(!n){n=!0;for(var e,t,r=-1!==navigator.appVersion.indexOf(\"MSIE 10\"),i=!!navigator.userAgent.match(\/Trident.*rv:11\\.\/),a=l.querySelectorAll(\"iframe.wp-embedded-content\"),s=0;s<a.length;s++){if(!(e=a[s]).getAttribute(\"data-secret\"))t=Math.random().toString(36).substr(2,10),e.src+=\"#?secret=\"+t,e.setAttribute(\"data-secret\",t);if(r||i)(t=e.cloneNode(!0)).removeAttribute(\"security\"),e.parentNode.replaceChild(t,e)}}}}(window,document);\n\/\/--><!]]>\n<\/script><iframe sandbox=\"allow-scripts\" security=\"restricted\" src=\"https:\/\/www.lerelaispourlemploi.fr\/parcmob\/actualites\/relais-lemploi-etend-parc-mobilite-a-janze\/embed\/\" width=\"600\" height=\"338\" title=\"\u00ab\u00a0Le Relais pour l&rsquo;Emploi \u00e9tend son parc mobilit\u00e9 \u00e0 Janz\u00e9\u00a0\u00bb &#8212; Le Parc Mob\" frameborder=\"0\" marginwidth=\"0\" marginheight=\"0\" scrolling=\"no\" class=\"wp-embedded-content\"><\/iframe>","thumbnail_url":"https:\/\/www.lerelaispourlemploi.fr\/wp-content\/images\/WP_20170124_007-e1485942993851.jpg","thumbnail_width":750,"thumbnail_height":421,"description":"Le CCAS de Janz\u00e9 vient de financer un scooter pour le Parc Mobilit\u00e9 pilot\u00e9 par le Relais pour l\u2019Emploi chez JANZE Motoculture, ZA La Chauveli\u00e8re \u00e0 JANZE. Les cl\u00e9s du scooter \u00e9taient remises aux responsables [&hellip;]"}

Le Relais pour l'Emploi étend son parc mobilité à Janzé - Le Parc Mob

<blockquote class="wp-embedded-content"><a href="https://www.lerelaispourlemploi.fr/parcmob/actualites/relais-lemploi-etend-parc-mobilite-a-janze/">Le Relais pour l&rsquo;Emploi étend son parc mobilité à Janzé</a></blockquote>
<script type='text/javascript'>
<!--//--><![CDATA[//><!--
		/*! This file is auto-generated */
		!function(d,l){"use strict";var e=!1,n=!1;if(l.querySelector)if(d.addEventListener)e=!0;if(d.wp=d.wp||{},!d.wp.receiveEmbedMessage)if(d.wp.receiveEmbedMessage=function(e){var t=e.data;if(t)if(t.secret||t.message||t.value)if(!/[^a-zA-Z0-9]/.test(t.secret)){for(var r,i,a,s=l.querySelectorAll('iframe[data-secret="'+t.secret+'"]'),n=l.querySelectorAll('blockquote[data-secret="'+t.secret+'"]'),o=new RegExp("^https?:$","i"),c=0;c<n.length;c++)n[c].style.display="none";for(c=0;c<s.length;c++)if(r=s[c],e.source===r.contentWindow){if(r.removeAttribute("style"),"height"===t.message){if(1e3<(a=parseInt(t.value,10)))a=1e3;else if(~~a<200)a=200;r.height=a}if("link"===t.message)if(i=l.createElement("a"),a=l.createElement("a"),i.href=r.getAttribute("src"),a.href=t.value,o.test(a.protocol))if(a.host===i.host)if(l.activeElement===r)d.top.location.href=t.value}}},e)d.addEventListener("message",d.wp.receiveEmbedMessage,!1),l.addEventListener("DOMContentLoaded",t,!1),d.addEventListener("load",t,!1);function t(){if(!n){n=!0;for(var e,t,r=-1!==navigator.appVersion.indexOf("MSIE 10"),i=!!navigator.userAgent.match(/Trident.*rv:11\./),a=l.querySelectorAll("iframe.wp-embedded-content"),s=0;s<a.length;s++){if(!(e=a[s]).getAttribute("data-secret"))t=Math.random().toString(36).substr(2,10),e.src+="#?secret="+t,e.setAttribute("data-secret",t);if(r||i)(t=e.cloneNode(!0)).removeAttribute("security"),e.parentNode.replaceChild(t,e)}}}}(window,document);
//--><!]]>
</script><iframe sandbox="allow-scripts" security="restricted" src="https://www.lerelaispourlemploi.fr/parcmob/actualites/relais-lemploi-etend-parc-mobilite-a-janze/embed/" width="600" height="338" title="« Le Relais pour l&rsquo;Emploi étend son parc mobilité à Janzé » &#8212; Le Parc Mob" frameborder="0" marginwidth="0" marginheight="0" scrolling="no" class="wp-embedded-content"></iframe>

Le CCAS de Janzé vient de financer un scooter pour le Parc Mobilité piloté par le Relais pour l’Emploi chez JANZE Motoculture, ZA La Chauvelière à JANZE. Les clés du scooter étaient remises aux responsables [&hellip;]
