{"id":7,"date":"2016-11-03T17:07:57","date_gmt":"2016-11-03T16:07:57","guid":{"rendered":"http:\/\/www.lerelaispourlemploi.fr\/parcmob\/?page_id=7"},"modified":"2021-04-19T17:21:23","modified_gmt":"2021-04-19T15:21:23","slug":"qui-sommes-nous","status":"publish","type":"page","link":"https:\/\/www.lerelaispourlemploi.fr\/parcmob\/qui-sommes-nous\/","title":{"rendered":"Qui Sommes-Nous"},"content":{"rendered":"<h1>Location de scooter pour demandeurs d&#8217;emploi au Pays de Vitr\u00e9 (35)<\/h1>\n<p>Mis en place depuis 1992 en partenariat avec la Mission Locale, les Communaut\u00e9s de Communes, le Service Insertion et le Centre D\u00e9partemental d&rsquo;Action Sociale (C.D.A.S.), le \u00ab\u00a0<strong>Parc Mob<\/strong>\u00a0\u00bb permet de r\u00e9pondre localement aux besoins de mobilit\u00e9 de demandeurs d\u2019emploi du Pays de Vitr\u00e9, via la <strong>location de scooters \u00e0 tarifs pr\u00e9f\u00e9rentiels<\/strong>.<\/p>\n<p>Nous disposons actuellement d\u2019<strong>une vingtaine de scooters<\/strong>, r\u00e9partis chez <a class=\"parcmob\" href=\"..\/garages\/\">7 garagistes de proximit\u00e9<\/a> sur les communes d\u2019Argentr\u00e9 du Plessis, Ch\u00e2teaubourg, Janz\u00e9, La Guerche de Bretagne, Martign\u00e9-Ferchaud, Retiers et Vitr\u00e9.<\/p>\n<p>&nbsp;<\/p>\n<p><div class=\"col-3\"><div class=\"box-chiffre\"><p class=\"chiffre\">30<\/p><p class=\"titre\">scooters \u00e0 disposition<\/p><\/div><\/div>\n<div class=\"col-3\"><div class=\"box-chiffre\"><p class=\"chiffre\">7<\/p><p class=\"titre\">garagistes de proximit\u00e9<\/p><\/div><\/div>\n<div class=\"col-3\"><div class=\"box-chiffre\"><p class=\"chiffre\">86<\/p><p class=\"titre\">utilisateurs satisfaits<\/p><\/div><\/div>\n<div class=\"col-3\"><div class=\"box-chiffre\"><p class=\"chiffre\">5 805<\/p><p class=\"titre\">jours de location au total<\/p><\/div><\/div><\/p>\n<p><em>Chiffres de 2020<\/em><\/p>\n","protected":false},"excerpt":{"rendered":"Location de scooter pour demandeurs d&#8217;emploi au Pays de Vitr\u00e9 (35) Mis en place depuis 1992 en partenariat avec la Mission Locale, les Communaut\u00e9s de Communes, le Service Insertion et le Centre D\u00e9partemental d&rsquo;Action Sociale [&hellip;]","protected":false},"author":1,"featured_media":0,"parent":0,"menu_order":2,"comment_status":"closed","ping_status":"closed","template":"","meta":[],"_links":{"self":[{"href":"https:\/\/www.lerelaispourlemploi.fr\/parcmob\/wp-json\/wp\/v2\/pages\/7"}],"collection":[{"href":"https:\/\/www.lerelaispourlemploi.fr\/parcmob\/wp-json\/wp\/v2\/pages"}],"about":[{"href":"https:\/\/www.lerelaispourlemploi.fr\/parcmob\/wp-json\/wp\/v2\/types\/page"}],"author":[{"embeddable":true,"href":"https:\/\/www.lerelaispourlemploi.fr\/parcmob\/wp-json\/wp\/v2\/users\/1"}],"replies":[{"embeddable":true,"href":"https:\/\/www.lerelaispourlemploi.fr\/parcmob\/wp-json\/wp\/v2\/comments?post=7"}],"version-history":[{"count":19,"href":"https:\/\/www.lerelaispourlemploi.fr\/parcmob\/wp-json\/wp\/v2\/pages\/7\/revisions"}],"predecessor-version":[{"id":349,"href":"https:\/\/www.lerelaispourlemploi.fr\/parcmob\/wp-json\/wp\/v2\/pages\/7\/revisions\/349"}],"wp:attachment":[{"href":"https:\/\/www.lerelaispourlemploi.fr\/parcmob\/wp-json\/wp\/v2\/media?parent=7"}],"curies":[{"name":"wp","href":"https:\/\/api.w.org\/{rel}","templated":true}]}}