{"id":10,"date":"2016-11-03T12:14:02","date_gmt":"2016-11-03T11:14:02","guid":{"rendered":"http:\/\/www.lerelaispourlemploi.fr\/relais\/?page_id=10"},"modified":"2017-04-12T16:50:49","modified_gmt":"2017-04-12T14:50:49","slug":"recherche-de-personnel","status":"publish","type":"page","link":"https:\/\/www.lerelaispourlemploi.fr\/relais\/services\/recherche-de-personnel\/","title":{"rendered":"Vous recherchez du personnel"},"content":{"rendered":"<h1>Mise \u00e0 disposition de personnel sur Vitr\u00e9 Communaut\u00e9 et au Pays de la Roche aux F\u00e9es (35)<\/h1>\n<p>\u00ab\u00a0Le Relais\u00a0\u00bb assure la mise \u00e0 disposition de personnel dans divers domaines d\u2019activit\u00e9s aupr\u00e8s de diff\u00e9rentes cat\u00e9gories de clients : particuliers, associations, collectivit\u00e9s, entreprises, artisans, commer\u00e7ants, agriculteurs, etc. <\/p>\n<p>Il peut s\u2019agir de missions ponctuelles ou inscrites dans la dur\u00e9e, pour remplacer un salari\u00e9 absent ou renforcer temporairement vos \u00e9quipes.<\/p>\n<p><div class=\"row\">\n<div class=\"service col-4\"><a href=\"..\/services-aux-professionnels\/\"><div class=\"box\"><i class=\"fa fa-university icon\" aria-hidden=\"true\"><\/i><\/div><div class=\"desc\"><h3>Collectivit\u00e9s<\/h3><p>en savoir plus<\/p><\/div><\/a><\/div>\n<div class=\"service col-4\"><a href=\"..\/services-aux-professionnels\/\"><div class=\"box\"><i class=\"fa fa-briefcase icon\" aria-hidden=\"true\"><\/i><\/div><div class=\"desc\"><h3>Entreprises<\/h3><p>en savoir plus<\/p><\/div><\/a><\/div>\n<div class=\"service col-4\"><a href=\"..\/services-aux-particuliers\/\"><div class=\"box\"><i class=\"fa fa-handshake-o icon\" aria-hidden=\"true\"><\/i><\/div><div class=\"desc\"><h3>Particuliers<\/h3><p>en savoir plus<\/p><\/div><\/a><\/div>\n<\/div><\/p>\n<p><div class=\"row\">\n<div class=\"quote\"><p class=\"citation\">Prestation de Qualit\u00e9<\/p><p class=\"nom\">R\u00e9sidence Albert Aubry, Le Theil de Bretagne<\/p><\/div>\n<div class=\"quote\"><p class=\"citation\">Salari\u00e9e comp\u00e9tente et consciencieuse dans son travail<\/p><p class=\"nom\">M. Paul H.<\/p><\/div>\n<div class=\"quote\"><p class=\"citation\">Merveilleux : il a fait des miracles!<br \/>J&rsquo;ai \u00e9t\u00e9 impressionn\u00e9e par son travail&#8230;<\/p><p class=\"nom\">Mme Mich\u00e8le W.<\/p><\/div>\n<\/div><\/p>\n<p><div class=\"notebox\">Le mode d\u2019intervention de l\u2019Association Interm\u00e9diaire est le recrutement de travailleurs\/-euses mis \u00e0 disposition des consommateurs-trices, pr\u00e9vu au 2\u00b0 de l&rsquo;article L.7232-6 du Code du Travail, dit mode d&rsquo;intervention \u00ab mise \u00e0 disposition \u00bb.<\/div><\/p>\n","protected":false},"excerpt":{"rendered":"Mise \u00e0 disposition de personnel sur Vitr\u00e9 Communaut\u00e9 et au Pays de la Roche aux F\u00e9es (35) \u00ab\u00a0Le Relais\u00a0\u00bb assure la mise \u00e0 disposition de personnel dans divers domaines d\u2019activit\u00e9s aupr\u00e8s de diff\u00e9rentes cat\u00e9gories de [&hellip;]","protected":false},"author":1,"featured_media":0,"parent":229,"menu_order":1,"comment_status":"closed","ping_status":"closed","template":"","meta":[],"_links":{"self":[{"href":"https:\/\/www.lerelaispourlemploi.fr\/relais\/wp-json\/wp\/v2\/pages\/10"}],"collection":[{"href":"https:\/\/www.lerelaispourlemploi.fr\/relais\/wp-json\/wp\/v2\/pages"}],"about":[{"href":"https:\/\/www.lerelaispourlemploi.fr\/relais\/wp-json\/wp\/v2\/types\/page"}],"author":[{"embeddable":true,"href":"https:\/\/www.lerelaispourlemploi.fr\/relais\/wp-json\/wp\/v2\/users\/1"}],"replies":[{"embeddable":true,"href":"https:\/\/www.lerelaispourlemploi.fr\/relais\/wp-json\/wp\/v2\/comments?post=10"}],"version-history":[{"count":26,"href":"https:\/\/www.lerelaispourlemploi.fr\/relais\/wp-json\/wp\/v2\/pages\/10\/revisions"}],"predecessor-version":[{"id":494,"href":"https:\/\/www.lerelaispourlemploi.fr\/relais\/wp-json\/wp\/v2\/pages\/10\/revisions\/494"}],"up":[{"embeddable":true,"href":"https:\/\/www.lerelaispourlemploi.fr\/relais\/wp-json\/wp\/v2\/pages\/229"}],"wp:attachment":[{"href":"https:\/\/www.lerelaispourlemploi.fr\/relais\/wp-json\/wp\/v2\/media?parent=10"}],"curies":[{"name":"wp","href":"https:\/\/api.w.org\/{rel}","templated":true}]}}

<h1>Mise à disposition de personnel sur Vitré Communauté et au Pays de la Roche aux Fées (35)</h1>
<p>« Le Relais » assure la mise à disposition de personnel dans divers domaines d’activités auprès de différentes catégories de clients : particuliers, associations, collectivités, entreprises, artisans, commerçants, agriculteurs, etc. </p>
<p>Il peut s’agir de missions ponctuelles ou inscrites dans la durée, pour remplacer un salarié absent ou renforcer temporairement vos équipes.</p>
<p><div class="row">
<div class="service col-4"><a href="../services-aux-professionnels/"><div class="box"><i class="fa fa-university icon" aria-hidden="true"></i></div><div class="desc"><h3>Collectivités</h3><p>en savoir plus</p></div></a></div>
<div class="service col-4"><a href="../services-aux-professionnels/"><div class="box"><i class="fa fa-briefcase icon" aria-hidden="true"></i></div><div class="desc"><h3>Entreprises</h3><p>en savoir plus</p></div></a></div>
<div class="service col-4"><a href="../services-aux-particuliers/"><div class="box"><i class="fa fa-handshake-o icon" aria-hidden="true"></i></div><div class="desc"><h3>Particuliers</h3><p>en savoir plus</p></div></a></div>
</div></p>
<p><div class="row">
<div class="quote"><p class="citation">Prestation de Qualité</p><p class="nom">Résidence Albert Aubry, Le Theil de Bretagne</p></div>
<div class="quote"><p class="citation">Salariée compétente et consciencieuse dans son travail</p><p class="nom">M. Paul H.</p></div>
<div class="quote"><p class="citation">Merveilleux : il a fait des miracles!<br />J&rsquo;ai été impressionnée par son travail&#8230;</p><p class="nom">Mme Michèle W.</p></div>
</div></p>
<p><div class="notebox">Le mode d’intervention de l’Association Intermédiaire est le recrutement de travailleurs/-euses mis à disposition des consommateurs-trices, prévu au 2° de l&rsquo;article L.7232-6 du Code du Travail, dit mode d&rsquo;intervention « mise à disposition ».</div></p>

Mise à disposition de personnel sur Vitré Communauté et au Pays de la Roche aux Fées (35) « Le Relais » assure la mise à disposition de personnel dans divers domaines d’activités auprès de différentes catégories de [&hellip;]
