{"id":148,"date":"2016-11-30T17:53:52","date_gmt":"2016-11-30T16:53:52","guid":{"rendered":"http:\/\/www.lerelaispourlemploi.fr\/relais\/?page_id=148"},"modified":"2016-12-28T20:05:29","modified_gmt":"2016-12-28T19:05:29","slug":"nos-missions","status":"publish","type":"page","link":"https:\/\/www.lerelaispourlemploi.fr\/relais\/qui-sommes-nous\/nos-missions\/","title":{"rendered":"Nos Missions"},"content":{"rendered":"<h1>Mise \u00e0 disposition de personnel pour particuliers et entreprises sur le Pays de Vitr\u00e9 (35)<\/h1>\n<p>L\u2019Association Interm\u00e9diaire \u00ab Le Relais \u00bb met en place un <strong>dispositif d\u2019accompagnement<\/strong> articul\u00e9 autour de trois leviers :<\/p>\n<ul>\n<li><strong>La mise \u00e0 disposition<\/strong> : \u00ab Le Relais \u00bb se positionne comme interm\u00e9diaire entre des personne \u00e0 la recherche d&rsquo;un emploi et des particuliers ou des professionnels (entreprises, collectivit\u00e9s, associations, etc.) ayant besoin de personnel : elle embauche les premiers et les met \u00e0 disposition des seconds, pour r\u00e9aliser des missions de travail, que ce soit pour une <strong>mission ponctuelle ou inscrite dans la dur\u00e9e<\/strong>.<\/li>\n<li><strong>L\u2019accompagnement social et professionnel<\/strong> : L&rsquo;accompagnement social vise \u00e0 r\u00e9soudre les probl\u00e8mes rencontr\u00e9s par les salari\u00e9s en parcours d\u2019insertion et qui constituent autant de freins \u00e0 l&rsquo;acc\u00e8s \u00e0 un emploi durable. Il s&rsquo;agit pour certains de trouver un logement, pour d&rsquo;autres d&rsquo;entamer un parcours de soins, pour d\u2019autres encore de r\u00e9soudre un probl\u00e8me de garde d\u2019enfants, d\u2019acc\u00e9der \u00e0 la mobilit\u00e9, etc. De nombreux partenariats de proximit\u00e9 sont activ\u00e9s afin d\u2019apporter une r\u00e9ponse aux probl\u00e9matiques rencontr\u00e9es et de dynamiser les atouts rep\u00e9r\u00e9s.\n<p>L&rsquo;accompagnement professionnel est quant \u00e0 lui ax\u00e9 sur la d\u00e9finition du projet professionnel des salari\u00e9s en parcours, la ma\u00eetrise des techniques et outils de recherche d&#8217;emploi, la s\u00e9lection d&rsquo;offres et la mise en relation avec des employeurs potentiels ou des organismes de formation, le renforcement et le d\u00e9veloppement des comp\u00e9tences.<\/p>\n<p>Ce travail d&rsquo;accompagnement prend le plus souvent la forme d&rsquo;entretiens individuels avec les Conseill\u00e8res en Insertion Professionnelle (C.I.P.).<\/li>\n<p><a class=\"relais\" href=\"http:\/\/www.differentetcompetent.org\" target=\"_blank\"><img loading=\"lazy\" src=\"http:\/\/www.lerelaispourlemploi.fr\/wp-content\/images\/differentetcompetant-logo.png\" alt=\"differentetcompetant-logo\" width=\"220\" height=\"200\" class=\"alignright size-full wp-image-280\" \/><\/a><\/p>\n<li><strong>La formation<\/strong> : Les C.I.P. sont particuli\u00e8rement soucieuses de la <strong>mont\u00e9e en comp\u00e9tences<\/strong> des salari\u00e9s en insertion. Celle-ci peut s\u2019acqu\u00e9rir par l\u2019exp\u00e9rience, mais des \u00e9tapes de formation peuvent aussi \u00eatre n\u00e9cessaires, afin d&rsquo;assurer des prestations de qualit\u00e9 aupr\u00e8s des clients et de favoriser l&rsquo;insertion professionnelle des salari\u00e9s. Les formations propos\u00e9es sont adapt\u00e9es au parcours de chacun : acquisition des savoirs de base, formation qualifiante, Validation ou Reconnaissance des Acquis de l\u2019Exp\u00e9rience (R.A.E. via notre inscription dans le dispositif \u00ab <a class=\"relais\" href=\"http:\/\/www.differentetcompetent.org\" target=\"_blank\">Diff\u00e9rent et Comp\u00e9tent<\/a> \u00bb, accompagnement \u00e0 la cr\u00e9ation d\u2019entreprise, etc.<\/li>\n<ul>\n","protected":false},"excerpt":{"rendered":"Mise \u00e0 disposition de personnel pour particuliers et entreprises sur le Pays de Vitr\u00e9 (35) L\u2019Association Interm\u00e9diaire \u00ab Le Relais \u00bb met en place un dispositif d\u2019accompagnement articul\u00e9 autour de trois leviers : La mise [&hellip;]","protected":false},"author":1,"featured_media":0,"parent":155,"menu_order":2,"comment_status":"closed","ping_status":"closed","template":"","meta":[],"_links":{"self":[{"href":"https:\/\/www.lerelaispourlemploi.fr\/relais\/wp-json\/wp\/v2\/pages\/148"}],"collection":[{"href":"https:\/\/www.lerelaispourlemploi.fr\/relais\/wp-json\/wp\/v2\/pages"}],"about":[{"href":"https:\/\/www.lerelaispourlemploi.fr\/relais\/wp-json\/wp\/v2\/types\/page"}],"author":[{"embeddable":true,"href":"https:\/\/www.lerelaispourlemploi.fr\/relais\/wp-json\/wp\/v2\/users\/1"}],"replies":[{"embeddable":true,"href":"https:\/\/www.lerelaispourlemploi.fr\/relais\/wp-json\/wp\/v2\/comments?post=148"}],"version-history":[{"count":6,"href":"https:\/\/www.lerelaispourlemploi.fr\/relais\/wp-json\/wp\/v2\/pages\/148\/revisions"}],"predecessor-version":[{"id":281,"href":"https:\/\/www.lerelaispourlemploi.fr\/relais\/wp-json\/wp\/v2\/pages\/148\/revisions\/281"}],"up":[{"embeddable":true,"href":"https:\/\/www.lerelaispourlemploi.fr\/relais\/wp-json\/wp\/v2\/pages\/155"}],"wp:attachment":[{"href":"https:\/\/www.lerelaispourlemploi.fr\/relais\/wp-json\/wp\/v2\/media?parent=148"}],"curies":[{"name":"wp","href":"https:\/\/api.w.org\/{rel}","templated":true}]}}