{"id":181,"date":"2016-11-30T18:22:57","date_gmt":"2016-11-30T17:22:57","guid":{"rendered":"http:\/\/www.lerelaispourlemploi.fr\/relais\/?page_id=181"},"modified":"2025-08-19T16:21:46","modified_gmt":"2025-08-19T14:21:46","slug":"notre-equipe","status":"publish","type":"page","link":"https:\/\/www.lerelaispourlemploi.fr\/relais\/qui-sommes-nous\/notre-equipe\/","title":{"rendered":"Notre \u00c9quipe"},"content":{"rendered":"<h3>Retiers<\/h3>\n<p>       <div id=\"liste-membre\" class=\"row\">\n                       <div class=\"col-4 membre\">\n                <img width=\"225\" height=\"225\" src=\"https:\/\/www.lerelaispourlemploi.fr\/wp-content\/images\/brigitte-beauperin.jpg\" class=\"attachment-photo size-photo wp-post-image\" alt=\"\" loading=\"lazy\" srcset=\"https:\/\/www.lerelaispourlemploi.fr\/wp-content\/images\/brigitte-beauperin.jpg 225w, https:\/\/www.lerelaispourlemploi.fr\/wp-content\/images\/brigitte-beauperin-200x200.jpg 200w\" sizes=\"(max-width: 225px) 100vw, 225px\" \/>                <div class=\"line relais\"><\/div>\n                <h4>Brigitte BEAUPERIN<\/h4>\n                <span class=\"fonction\">Co-Directrice \/ Conseill\u00e8re en Insertion Professionnelle<\/span>\n                <a href=\"mailto:brigitte.beauperin@lerelaispourlemploi.fr\">\nbrigitte.beauperin<br\/>@lerelaispourlemploi.fr<\/a>             <\/div>\n                       <div class=\"col-4 membre\">\n                <img width=\"224\" height=\"225\" src=\"https:\/\/www.lerelaispourlemploi.fr\/wp-content\/images\/Coralie-NB-001-e1542291982605.jpg\" class=\"attachment-photo size-photo wp-post-image\" alt=\"\" loading=\"lazy\" srcset=\"https:\/\/www.lerelaispourlemploi.fr\/wp-content\/images\/Coralie-NB-001-e1542291982605.jpg 225w, https:\/\/www.lerelaispourlemploi.fr\/wp-content\/images\/Coralie-NB-001-e1542291982605-199x200.jpg 199w\" sizes=\"(max-width: 224px) 100vw, 224px\" \/>                <div class=\"line relais\"><\/div>\n                <h4>Coralie DAMAS<\/h4>\n                <span class=\"fonction\">Conseill\u00e8re en Insertion Professionnelle<\/span>\n                <a href=\"mailto:coralie.damas@lerelaispourlemploi.fr\">\ncoralie.damas<br\/>@lerelaispourlemploi.fr<\/a>             <\/div>\n                       <div class=\"col-4 membre\">\n                <img width=\"225\" height=\"225\" src=\"https:\/\/www.lerelaispourlemploi.fr\/wp-content\/images\/kaki-2-15-10-1-225x225.jpg\" class=\"attachment-photo size-photo wp-post-image\" alt=\"\" loading=\"lazy\" srcset=\"https:\/\/www.lerelaispourlemploi.fr\/wp-content\/images\/kaki-2-15-10-1-e1572004366638.jpg 225w, https:\/\/www.lerelaispourlemploi.fr\/wp-content\/images\/kaki-2-15-10-1-200x200.jpg 200w, https:\/\/www.lerelaispourlemploi.fr\/wp-content\/images\/kaki-2-15-10-1-306x306.jpg 306w, https:\/\/www.lerelaispourlemploi.fr\/wp-content\/images\/kaki-2-15-10-1-768x768.jpg 768w\" sizes=\"(max-width: 225px) 100vw, 225px\" \/>                <div class=\"line relais\"><\/div>\n                <h4>Marie-B\u00e9atrice GAUTIER<\/h4>\n                <span class=\"fonction\">Co-Directrice \/ Comptabilit\u00e9 et Gestion du personnel<\/span>\n                <a href=\"mailto:contact@lerelaispourlemploi.fr\">\ncontact<br\/>@lerelaispourlemploi.fr<\/a>             <\/div>\n                       <div class=\"col-4 membre\">\n                <img width=\"225\" height=\"225\" src=\"https:\/\/www.lerelaispourlemploi.fr\/wp-content\/images\/estelle-1-scaled-e1711453567119-225x225.jpg\" class=\"attachment-photo size-photo wp-post-image\" alt=\"\" loading=\"lazy\" \/>                <div class=\"line relais\"><\/div>\n                <h4>Estelle LEMOINE<\/h4>\n                <span class=\"fonction\">Charg\u00e9e d'accueil et d'accompagnement socio-professionnel<\/span>\n                <a href=\"mailto:accueil.retiers@lerelaispourlemploi.fr\">\naccueil.retiers<br\/>@lerelaispourlemploi.fr<\/a>             <\/div>\n                       <div class=\"col-4 membre\">\n                <img width=\"225\" height=\"225\" src=\"https:\/\/www.lerelaispourlemploi.fr\/wp-content\/images\/marie-france-2024-2-225x225.png\" class=\"attachment-photo size-photo wp-post-image\" alt=\"\" loading=\"lazy\" \/>                <div class=\"line relais\"><\/div>\n                <h4>Marie-France STATNIK<\/h4>\n                <span class=\"fonction\">Conseill\u00e8re en Insertion professionnelle<\/span>\n                <a href=\"mailto:marie-france.statnik@lerelaispourlemploi.fr\">\nmarie-france.statnik<br\/>@lerelaispourlemploi.fr<\/a>             <\/div>\n                       <div class=\"col-4 membre\">\n                <img width=\"225\" height=\"225\" src=\"https:\/\/www.lerelaispourlemploi.fr\/wp-content\/images\/eve-lemarchand.jpg\" class=\"attachment-photo size-photo wp-post-image\" alt=\"\" loading=\"lazy\" srcset=\"https:\/\/www.lerelaispourlemploi.fr\/wp-content\/images\/eve-lemarchand.jpg 225w, https:\/\/www.lerelaispourlemploi.fr\/wp-content\/images\/eve-lemarchand-200x200.jpg 200w\" sizes=\"(max-width: 225px) 100vw, 225px\" \/>                <div class=\"line relais\"><\/div>\n                <h4>Eve LEMARCHAND<\/h4>\n                <span class=\"fonction\">Responsable gestion sociale et juridique, Responsable Parc Mob<\/span>\n                <a href=\"mailto:eve.lemarchand@lerelaispourlemploi.fr\">\neve.lemarchand<br\/>@lerelaispourlemploi.fr<\/a>             <\/div>\n                    <\/div>\n    <\/p>\n<h3>Vitr\u00e9<\/h3>\n<p>       <div id=\"liste-membre\" class=\"row\">\n                       <div class=\"col-4 membre\">\n                <img width=\"225\" height=\"225\" src=\"https:\/\/www.lerelaispourlemploi.fr\/wp-content\/images\/m\u00e9lanie-1-1-225x225.png\" class=\"attachment-photo size-photo wp-post-image\" alt=\"\" loading=\"lazy\" \/>                <div class=\"line relais\"><\/div>\n                <h4>M\u00e9lanie DAVENEL<\/h4>\n                <span class=\"fonction\">Charg\u00e9e d'accueil et d'accompagnent socio-professionnel \u00e0 Vitr\u00e9<\/span>\n                <a href=\"mailto:accueil.vitre@lerelaispourlemploi.fr\">\naccueil.vitre<br\/>@lerelaispourlemploi.fr<\/a>             <\/div>\n                       <div class=\"col-4 membre\">\n                <img width=\"225\" height=\"225\" src=\"https:\/\/www.lerelaispourlemploi.fr\/wp-content\/images\/Nelly-15-10-19-1-225x225.jpg\" class=\"attachment-photo size-photo wp-post-image\" alt=\"\" loading=\"lazy\" srcset=\"https:\/\/www.lerelaispourlemploi.fr\/wp-content\/images\/Nelly-15-10-19-1-e1572004661602.jpg 225w, https:\/\/www.lerelaispourlemploi.fr\/wp-content\/images\/Nelly-15-10-19-1-200x200.jpg 200w, https:\/\/www.lerelaispourlemploi.fr\/wp-content\/images\/Nelly-15-10-19-1-306x306.jpg 306w, https:\/\/www.lerelaispourlemploi.fr\/wp-content\/images\/Nelly-15-10-19-1-768x768.jpg 768w\" sizes=\"(max-width: 225px) 100vw, 225px\" \/>                <div class=\"line relais\"><\/div>\n                <h4>Nelly DUMOTIER<\/h4>\n                <span class=\"fonction\">Conseill\u00e8re en Insertion Professionnelle<\/span>\n                <a href=\"mailto:nelly.dumotier@lerelaispourlemploi.fr\">\nnelly.dumotier<br\/>@lerelaispourlemploi.fr<\/a>             <\/div>\n                       <div class=\"col-4 membre\">\n                <img width=\"225\" height=\"225\" src=\"https:\/\/www.lerelaispourlemploi.fr\/wp-content\/images\/Sophie-1-225x225.png\" class=\"attachment-photo size-photo wp-post-image\" alt=\"\" loading=\"lazy\" \/>                <div class=\"line relais\"><\/div>\n                <h4>Sophie MENARD<\/h4>\n                <span class=\"fonction\">Conseill\u00e8re en Insertion Professionnelle sur Vitr\u00e9<\/span>\n                <a href=\"mailto:sophie.menard@lerelaispourlemploi.fr\">\nsophie.menard<br\/>@lerelaispourlemploi.fr<\/a>             <\/div>\n                    <\/div>\n    <\/p>\n","protected":false},"excerpt":{"rendered":"Retiers Vitr\u00e9","protected":false},"author":1,"featured_media":0,"parent":155,"menu_order":4,"comment_status":"closed","ping_status":"closed","template":"","meta":[],"_links":{"self":[{"href":"https:\/\/www.lerelaispourlemploi.fr\/relais\/wp-json\/wp\/v2\/pages\/181"}],"collection":[{"href":"https:\/\/www.lerelaispourlemploi.fr\/relais\/wp-json\/wp\/v2\/pages"}],"about":[{"href":"https:\/\/www.lerelaispourlemploi.fr\/relais\/wp-json\/wp\/v2\/types\/page"}],"author":[{"embeddable":true,"href":"https:\/\/www.lerelaispourlemploi.fr\/relais\/wp-json\/wp\/v2\/users\/1"}],"replies":[{"embeddable":true,"href":"https:\/\/www.lerelaispourlemploi.fr\/relais\/wp-json\/wp\/v2\/comments?post=181"}],"version-history":[{"count":25,"href":"https:\/\/www.lerelaispourlemploi.fr\/relais\/wp-json\/wp\/v2\/pages\/181\/revisions"}],"predecessor-version":[{"id":1051,"href":"https:\/\/www.lerelaispourlemploi.fr\/relais\/wp-json\/wp\/v2\/pages\/181\/revisions\/1051"}],"up":[{"embeddable":true,"href":"https:\/\/www.lerelaispourlemploi.fr\/relais\/wp-json\/wp\/v2\/pages\/155"}],"wp:attachment":[{"href":"https:\/\/www.lerelaispourlemploi.fr\/relais\/wp-json\/wp\/v2\/media?parent=181"}],"curies":[{"name":"wp","href":"https:\/\/api.w.org\/{rel}","templated":true}]}}

Notre Équipe

<h3>Retiers</h3>
<p>       <div id="liste-membre" class="row">
                       <div class="col-4 membre">
                <img width="225" height="225" src="https://www.lerelaispourlemploi.fr/wp-content/images/brigitte-beauperin.jpg" class="attachment-photo size-photo wp-post-image" alt="" loading="lazy" srcset="https://www.lerelaispourlemploi.fr/wp-content/images/brigitte-beauperin.jpg 225w, https://www.lerelaispourlemploi.fr/wp-content/images/brigitte-beauperin-200x200.jpg 200w" sizes="(max-width: 225px) 100vw, 225px" />                <div class="line relais"></div>
                <h4>Brigitte BEAUPERIN</h4>
                <span class="fonction">Co-Directrice / Conseillère en Insertion Professionnelle</span>
                <a href="mailto:brigitte.beauperin@lerelaispourlemploi.fr">
brigitte.beauperin<br/>@lerelaispourlemploi.fr</a>             </div>
                       <div class="col-4 membre">
                <img width="224" height="225" src="https://www.lerelaispourlemploi.fr/wp-content/images/Coralie-NB-001-e1542291982605.jpg" class="attachment-photo size-photo wp-post-image" alt="" loading="lazy" srcset="https://www.lerelaispourlemploi.fr/wp-content/images/Coralie-NB-001-e1542291982605.jpg 225w, https://www.lerelaispourlemploi.fr/wp-content/images/Coralie-NB-001-e1542291982605-199x200.jpg 199w" sizes="(max-width: 224px) 100vw, 224px" />                <div class="line relais"></div>
                <h4>Coralie DAMAS</h4>
                <span class="fonction">Conseillère en Insertion Professionnelle</span>
                <a href="mailto:coralie.damas@lerelaispourlemploi.fr">
coralie.damas<br/>@lerelaispourlemploi.fr</a>             </div>
                       <div class="col-4 membre">
                <img width="225" height="225" src="https://www.lerelaispourlemploi.fr/wp-content/images/kaki-2-15-10-1-225x225.jpg" class="attachment-photo size-photo wp-post-image" alt="" loading="lazy" srcset="https://www.lerelaispourlemploi.fr/wp-content/images/kaki-2-15-10-1-e1572004366638.jpg 225w, https://www.lerelaispourlemploi.fr/wp-content/images/kaki-2-15-10-1-200x200.jpg 200w, https://www.lerelaispourlemploi.fr/wp-content/images/kaki-2-15-10-1-306x306.jpg 306w, https://www.lerelaispourlemploi.fr/wp-content/images/kaki-2-15-10-1-768x768.jpg 768w" sizes="(max-width: 225px) 100vw, 225px" />                <div class="line relais"></div>
                <h4>Marie-Béatrice GAUTIER</h4>
                <span class="fonction">Co-Directrice / Comptabilité et Gestion du personnel</span>
                <a href="mailto:contact@lerelaispourlemploi.fr">
contact<br/>@lerelaispourlemploi.fr</a>             </div>
                       <div class="col-4 membre">
                <img width="225" height="225" src="https://www.lerelaispourlemploi.fr/wp-content/images/estelle-1-scaled-e1711453567119-225x225.jpg" class="attachment-photo size-photo wp-post-image" alt="" loading="lazy" />                <div class="line relais"></div>
                <h4>Estelle LEMOINE</h4>
                <span class="fonction">Chargée d'accueil et d'accompagnement socio-professionnel</span>
                <a href="mailto:accueil.retiers@lerelaispourlemploi.fr">
accueil.retiers<br/>@lerelaispourlemploi.fr</a>             </div>
                       <div class="col-4 membre">
                <img width="225" height="225" src="https://www.lerelaispourlemploi.fr/wp-content/images/marie-france-2024-2-225x225.png" class="attachment-photo size-photo wp-post-image" alt="" loading="lazy" />                <div class="line relais"></div>
                <h4>Marie-France STATNIK</h4>
                <span class="fonction">Conseillère en Insertion professionnelle</span>
                <a href="mailto:marie-france.statnik@lerelaispourlemploi.fr">
marie-france.statnik<br/>@lerelaispourlemploi.fr</a>             </div>
                       <div class="col-4 membre">
                <img width="225" height="225" src="https://www.lerelaispourlemploi.fr/wp-content/images/eve-lemarchand.jpg" class="attachment-photo size-photo wp-post-image" alt="" loading="lazy" srcset="https://www.lerelaispourlemploi.fr/wp-content/images/eve-lemarchand.jpg 225w, https://www.lerelaispourlemploi.fr/wp-content/images/eve-lemarchand-200x200.jpg 200w" sizes="(max-width: 225px) 100vw, 225px" />                <div class="line relais"></div>
                <h4>Eve LEMARCHAND</h4>
                <span class="fonction">Responsable gestion sociale et juridique, Responsable Parc Mob</span>
                <a href="mailto:eve.lemarchand@lerelaispourlemploi.fr">
eve.lemarchand<br/>@lerelaispourlemploi.fr</a>             </div>
                    </div>
    </p>
<h3>Vitré</h3>
<p>       <div id="liste-membre" class="row">
                       <div class="col-4 membre">
                <img width="225" height="225" src="https://www.lerelaispourlemploi.fr/wp-content/images/mélanie-1-1-225x225.png" class="attachment-photo size-photo wp-post-image" alt="" loading="lazy" />                <div class="line relais"></div>
                <h4>Mélanie DAVENEL</h4>
                <span class="fonction">Chargée d'accueil et d'accompagnent socio-professionnel à Vitré</span>
                <a href="mailto:accueil.vitre@lerelaispourlemploi.fr">
accueil.vitre<br/>@lerelaispourlemploi.fr</a>             </div>
                       <div class="col-4 membre">
                <img width="225" height="225" src="https://www.lerelaispourlemploi.fr/wp-content/images/Nelly-15-10-19-1-225x225.jpg" class="attachment-photo size-photo wp-post-image" alt="" loading="lazy" srcset="https://www.lerelaispourlemploi.fr/wp-content/images/Nelly-15-10-19-1-e1572004661602.jpg 225w, https://www.lerelaispourlemploi.fr/wp-content/images/Nelly-15-10-19-1-200x200.jpg 200w, https://www.lerelaispourlemploi.fr/wp-content/images/Nelly-15-10-19-1-306x306.jpg 306w, https://www.lerelaispourlemploi.fr/wp-content/images/Nelly-15-10-19-1-768x768.jpg 768w" sizes="(max-width: 225px) 100vw, 225px" />                <div class="line relais"></div>
                <h4>Nelly DUMOTIER</h4>
                <span class="fonction">Conseillère en Insertion Professionnelle</span>
                <a href="mailto:nelly.dumotier@lerelaispourlemploi.fr">
nelly.dumotier<br/>@lerelaispourlemploi.fr</a>             </div>
                       <div class="col-4 membre">
                <img width="225" height="225" src="https://www.lerelaispourlemploi.fr/wp-content/images/Sophie-1-225x225.png" class="attachment-photo size-photo wp-post-image" alt="" loading="lazy" />                <div class="line relais"></div>
                <h4>Sophie MENARD</h4>
                <span class="fonction">Conseillère en Insertion Professionnelle sur Vitré</span>
                <a href="mailto:sophie.menard@lerelaispourlemploi.fr">
sophie.menard<br/>@lerelaispourlemploi.fr</a>             </div>
                    </div>
    </p>

Retiers Vitré
