{"id":197,"date":"2016-12-01T15:50:00","date_gmt":"2016-12-01T14:50:00","guid":{"rendered":"http:\/\/www.lerelaispourlemploi.fr\/relais\/?page_id=197"},"modified":"2016-12-28T19:51:04","modified_gmt":"2016-12-28T18:51:04","slug":"vos-avantages","status":"publish","type":"page","link":"https:\/\/www.lerelaispourlemploi.fr\/relais\/services\/vos-avantages\/","title":{"rendered":"Vos avantages"},"content":{"rendered":"<p><div class=\"col-6 \"><\/p>\n<ul>\n<li>Aucune d\u00e9marche administrative de votre part<\/li>\n<li>R\u00e9ponse sous 48 heures<\/li>\n<li>Ad\u00e9quation profil \/ offre<\/li>\n<li>Continuit\u00e9 du service : si le salari\u00e9 mis \u00e0 votre disposition ne peut assurer la fin de la mission, nous nous chargeons de son remplacement<\/li>\n<li>R\u00e9ponse de proximit\u00e9<\/li>\n<li>Suivi de mission<\/li>\n<li>Mise \u00e0 disposition de personnel \u00ab \u00e0 la demande \u00bb : facturation en fin de mois sur la base du temps r\u00e9el* pass\u00e9 (*intervention d\u2019une dur\u00e9e d\u2019une heure minimum)\n<\/div>\n<div class=\"col-6 \"><\/p>\n<h3>Pour les services aux Particuliers en mati\u00e8re de Services \u00e0 la Personne : <\/h3>\n<ul>\n<li>50 % de la facture d\u00e9ductible des imp\u00f4ts ou cr\u00e9dit d\u2019imp\u00f4t<br \/>\n(<em>selon l\u2019article 199 sexdecies du Code G\u00e9n\u00e9ral des Imp\u00f4ts<\/em>)<\/li>\n<li>Possibilit\u00e9 de r\u00e8glement par CESU pr\u00e9-financ\u00e9<\/li>\n<\/ul>\n<p><img loading=\"lazy\" src=\"http:\/\/www.lerelaispourlemploi.fr\/wp-content\/images\/avantages-servicesalapersonne.png\" alt=\"avantages-servicesalapersonne\" width=\"390\" height=\"100\" class=\"alignnone size-full wp-image-247\" srcset=\"https:\/\/www.lerelaispourlemploi.fr\/wp-content\/images\/avantages-servicesalapersonne.png 390w, https:\/\/www.lerelaispourlemploi.fr\/wp-content\/images\/avantages-servicesalapersonne-360x92.png 360w\" sizes=\"(max-width: 390px) 100vw, 390px\" \/><\/div><\/p>\n","protected":false},"excerpt":{"rendered":"","protected":false},"author":1,"featured_media":0,"parent":229,"menu_order":2,"comment_status":"closed","ping_status":"closed","template":"","meta":[],"_links":{"self":[{"href":"https:\/\/www.lerelaispourlemploi.fr\/relais\/wp-json\/wp\/v2\/pages\/197"}],"collection":[{"href":"https:\/\/www.lerelaispourlemploi.fr\/relais\/wp-json\/wp\/v2\/pages"}],"about":[{"href":"https:\/\/www.lerelaispourlemploi.fr\/relais\/wp-json\/wp\/v2\/types\/page"}],"author":[{"embeddable":true,"href":"https:\/\/www.lerelaispourlemploi.fr\/relais\/wp-json\/wp\/v2\/users\/1"}],"replies":[{"embeddable":true,"href":"https:\/\/www.lerelaispourlemploi.fr\/relais\/wp-json\/wp\/v2\/comments?post=197"}],"version-history":[{"count":8,"href":"https:\/\/www.lerelaispourlemploi.fr\/relais\/wp-json\/wp\/v2\/pages\/197\/revisions"}],"predecessor-version":[{"id":253,"href":"https:\/\/www.lerelaispourlemploi.fr\/relais\/wp-json\/wp\/v2\/pages\/197\/revisions\/253"}],"up":[{"embeddable":true,"href":"https:\/\/www.lerelaispourlemploi.fr\/relais\/wp-json\/wp\/v2\/pages\/229"}],"wp:attachment":[{"href":"https:\/\/www.lerelaispourlemploi.fr\/relais\/wp-json\/wp\/v2\/media?parent=197"}],"curies":[{"name":"wp","href":"https:\/\/api.w.org\/{rel}","templated":true}]}}

<p><div class="col-6 "></p>
<ul>
<li>Aucune démarche administrative de votre part</li>
<li>Réponse sous 48 heures</li>
<li>Adéquation profil / offre</li>
<li>Continuité du service : si le salarié mis à votre disposition ne peut assurer la fin de la mission, nous nous chargeons de son remplacement</li>
<li>Réponse de proximité</li>
<li>Suivi de mission</li>
<li>Mise à disposition de personnel « à la demande » : facturation en fin de mois sur la base du temps réel* passé (*intervention d’une durée d’une heure minimum)
</div>
<div class="col-6 "></p>
<h3>Pour les services aux Particuliers en matière de Services à la Personne : </h3>
<ul>
<li>50 % de la facture déductible des impôts ou crédit d’impôt<br />
(<em>selon l’article 199 sexdecies du Code Général des Impôts</em>)</li>
<li>Possibilité de règlement par CESU pré-financé</li>
</ul>
<p><img loading="lazy" src="http://www.lerelaispourlemploi.fr/wp-content/images/avantages-servicesalapersonne.png" alt="avantages-servicesalapersonne" width="390" height="100" class="alignnone size-full wp-image-247" srcset="https://www.lerelaispourlemploi.fr/wp-content/images/avantages-servicesalapersonne.png 390w, https://www.lerelaispourlemploi.fr/wp-content/images/avantages-servicesalapersonne-360x92.png 360w" sizes="(max-width: 390px) 100vw, 390px" /></div></p>
